{"id":1565,"date":"2022-09-08T09:24:36","date_gmt":"2022-09-08T07:24:36","guid":{"rendered":"http:\/\/ptj-warszawa2022.uksw.edu.pl\/?page_id=1565"},"modified":"2022-09-08T09:24:36","modified_gmt":"2022-09-08T07:24:36","slug":"literackie-uzycia-nazw-wlasnych-jako-przedmiot-badan-semiotycznych","status":"publish","type":"page","link":"https:\/\/ptj-warszawa2022.uksw.edu.pl\/?page_id=1565","title":{"rendered":"Literackie u\u017cycia nazw w\u0142asnych jako przedmiot bada\u0144 semiotycznych"},"content":{"rendered":"\n<p>Piotr Stalmaszczyk<\/p>\n\n\n\n<p>Instytut Anglistyki, U\u0141<\/p>\n\n\n\n<p>Literackie u\u017cycia nazw w\u0142asnych, a szczeg\u00f3lnie fikcyjne nazwy w\u0142asne, stanowi\u0105 wsp\u00f3\u0142cze\u015bnie przedmiot analiz i debat w obr\u0119bie licznych dyscyplin: m.in. w semiotyce, logice, filozofii j\u0119zyka, j\u0119zykoznawstwie, literaturoznawstwie, antropologii kulturowej, translatoryce. po\u015bwi\u0119cony b\u0119dzie om\u00f3wieniu wybranych podej\u015b\u0107 do nazw w\u0142asnych ze szczeg\u00f3lnym uwzgl\u0119dnieniem tradycyjnej analitycznej filozofii j\u0119zyka. Przedstawi\u0119 w\u0142a\u015bciwo\u015bci fikcyjnych nazw w\u0142asnych oraz ich mo\u017cliwe funkcje (przede wszystkim pozatekstowe), a tak\u017ce podej\u015bcie funkcjonalne do nazw w\u0142asnych, zaproponuj\u0119 r\u00f3wnie\u017c interpretacje nazw w\u0142asnych jako wi\u0105zek cech oraz ich interpretacji w przestrzeni semiotycznej. Wprowadz\u0119 poj\u0119cie nominosfery (czyli przestrzeni semiotycznej koniecznej dla interpretacji i funkcjonowania nazw), a inspiracji w poszukiwaniu w\u0142a\u015bciwego modelu interpretacyjnych b\u0119d\u0119 szuka\u0142 w dokonaniach filozofii analitycznej, a tak\u017ce w pismach m.in. Walerego Pisarka, Nelsona Goodmana, Borisa Uspienskiego i Jurija \u0141otmana.<\/p>\n\n\n\n<p>S\u0142owa klucze<\/p>\n\n\n\n<p>nazwy w\u0142asne, nazwy byt\u00f3w fikcyjnych, nominosfera, semiotyka<\/p>\n\n\n\n<p>Bibliografia<\/p>\n\n\n\n<p>Goodman, N. 1997. Jak tworzymy \u015bwiat (t\u0142. M. Szczubia\u0142ka), Warszawa: Fundacja Aletheia.<\/p>\n\n\n\n<p>Grudzi\u0144ska, J. 2007. Semantyka nazw jednostkowych, Warszawa: Semper.<\/p>\n\n\n\n<p>\u0141otman, J. 2017. Kultura historia literatura (t\u0142. B. \u017by\u0142ko), Gda\u0144sk: Wydawnictwo UG.<\/p>\n\n\n\n<p>Predelli, S. 2017. Proper Names. A Millian Account. Oxford: OUP.<\/p>\n\n\n\n<p>Rzetelska-Feleszko, E. 2006. W \u015bwiecie nazw w\u0142asnych, Warszawa: Towarzystwo Warszawskie Naukowe.<\/p>\n\n\n\n<p>Wolnicz-Paw\u0142owska, E. 2014. Nazwy w\u0142asne w przek\u0142adzie. Zarys problematyki, Pozna\u0144skie Spotkania J\u0119zykoznawcze 27, 201-214.<\/p>\n","protected":false},"excerpt":{"rendered":"<p>Piotr Stalmaszczyk Instytut Anglistyki, U\u0141 Literackie u\u017cycia nazw w\u0142asnych, a szczeg\u00f3lnie fikcyjne nazwy w\u0142asne, stanowi\u0105 wsp\u00f3\u0142cze\u015bnie przedmiot analiz i debat&hellip;<\/p>\n","protected":false},"author":6,"featured_media":0,"parent":0,"menu_order":0,"comment_status":"closed","ping_status":"closed","template":"","meta":[],"_links":{"self":[{"href":"https:\/\/ptj-warszawa2022.uksw.edu.pl\/index.php?rest_route=\/wp\/v2\/pages\/1565"}],"collection":[{"href":"https:\/\/ptj-warszawa2022.uksw.edu.pl\/index.php?rest_route=\/wp\/v2\/pages"}],"about":[{"href":"https:\/\/ptj-warszawa2022.uksw.edu.pl\/index.php?rest_route=\/wp\/v2\/types\/page"}],"author":[{"embeddable":true,"href":"https:\/\/ptj-warszawa2022.uksw.edu.pl\/index.php?rest_route=\/wp\/v2\/users\/6"}],"replies":[{"embeddable":true,"href":"https:\/\/ptj-warszawa2022.uksw.edu.pl\/index.php?rest_route=%2Fwp%2Fv2%2Fcomments&post=1565"}],"version-history":[{"count":1,"href":"https:\/\/ptj-warszawa2022.uksw.edu.pl\/index.php?rest_route=\/wp\/v2\/pages\/1565\/revisions"}],"predecessor-version":[{"id":1566,"href":"https:\/\/ptj-warszawa2022.uksw.edu.pl\/index.php?rest_route=\/wp\/v2\/pages\/1565\/revisions\/1566"}],"wp:attachment":[{"href":"https:\/\/ptj-warszawa2022.uksw.edu.pl\/index.php?rest_route=%2Fwp%2Fv2%2Fmedia&parent=1565"}],"curies":[{"name":"wp","href":"https:\/\/api.w.org\/{rel}","templated":true}]}}