{"id":1519,"date":"2022-09-07T22:08:56","date_gmt":"2022-09-07T20:08:56","guid":{"rendered":"http:\/\/ptj-warszawa2022.uksw.edu.pl\/?page_id=1519"},"modified":"2022-09-07T22:08:57","modified_gmt":"2022-09-07T20:08:57","slug":"miedzywojenny-reportaz-podrozniczy-jako-gatunek-mowy-na-przykladzie-tworczosci-aleksandra-janty-polczynskiego","status":"publish","type":"page","link":"https:\/\/ptj-warszawa2022.uksw.edu.pl\/?page_id=1519","title":{"rendered":"Mi\u0119dzywojenny reporta\u017c podr\u00f3\u017cniczy jako gatunek mowy (na przyk\u0142adzie tw\u00f3rczo\u015bci Aleksandra Janty-Po\u0142czy\u0144skiego)"},"content":{"rendered":"\n<p>Joanna Przyklenk<\/p>\n\n\n\n<p>Uniwersytet \u015al\u0105ski w Katowicach<\/p>\n\n\n\n<p>Podstaw\u0105 analiz jest mi\u0119dzywojenna tw\u00f3rczo\u015b\u0107 reporterska Aleksandra Janty-Po\u0142czy\u0144skiego. Punktem wyj\u015bcia s\u0105 te jego teksty, kt\u00f3re mo\u017cna zakwalifikowa\u0107 genologicznie jako aktualizacje reporta\u017cu podr\u00f3\u017cniczego.<\/p>\n\n\n\n<p>Przyjmuj\u0105c lingwistyczny punkt widzenia gatunku, czyli perspektyw\u0119 genologii lingwistycznej, najpierw ogl\u0105dowi poddane zostan\u0105 nast\u0119puj\u0105ce aspekty analizowanego gatunku: a) strukturalny; b) pragmatyczny; c) poznawczy; d) stylistyczny (aspekty za koncepcj\u0105 Marii Wojtak). Wypracowane na konkretnym materiale \u017ar\u00f3d\u0142owym ustalenia dotycz\u0105ce poszczeg\u00f3lnych aspekt\u00f3w gatunku b\u0119d\u0105 nast\u0119pnie konfrontowane z dotychczasowymi wynikami bada\u0144 lingwistycznych (tu zw\u0142aszcza kwestia typologizacji reporta\u017cu oraz ewolucji gatunku) oraz literaturoznawczych (tu przede wszystkim zagadnienie pe\u0142nego opisu okre\u015blonego genologicznie typu wypowiedzi \u2013 pe\u0142niejszego, bo uwzgl\u0119dniaj\u0105cego r\u00f3\u017cne uj\u0119cia badawcze \u2013 interdyscyplinarnego). Finalnym krokiem b\u0119dzie ustalenie typowych i odr\u0119bnych cech w zakresie reporterskiej tw\u00f3rczo\u015bci Aleksandra Janty-Po\u0142czy\u0144skiego, a zatem udzielenie odpowiedzi na pytanie, w jakich zakresach poszczeg\u00f3lnych aspekt\u00f3w gatunkowych analizowane reporta\u017ce podr\u00f3\u017cnicze s\u0105 zbie\u017cne z wzorcem gatunku, te\u017c wzorcem gatunkowym badanego okresu, a w jakich mo\u017cna m\u00f3wi\u0107 o autorskiej modyfikacji gatunku.<\/p>\n\n\n\n<p>Analizy skupione na j\u0119zyku, stylu i gatunku reporta\u017cu podr\u00f3\u017cniczego okre\u015blonego tw\u00f3rcy stan\u0105 si\u0119 podstaw\u0105 do formu\u0142owania opinii na temat reporterskiego podr\u00f3\u017copisarstwa mi\u0119dzywojnia, ujmowanego z perspektywy tekstologicznej \u2013 zw\u0142aszcza stylistyczno-genologicznej. Przyczyni\u0105 si\u0119 nadto do lepszego rozpoznania pi\u015bmiennictwa Aleksandra Janty-Po\u0142czy\u0144skiego, kt\u00f3rego tw\u00f3rczo\u015b\u0107 wci\u0105\u017c nie spotka\u0142a si\u0119 z pe\u0142nym opracowaniem.<\/p>\n\n\n\n<p>S\u0142owa klucze<\/p>\n\n\n\n<p>gatunek \u2013 styl \u2013 reporta\u017c podr\u00f3\u017cniczy \u2013 mi\u0119dzywojnie \u2013 Aleksander Janta-Po\u0142czy\u0144ski<\/p>\n\n\n\n<p>Bibliografia<\/p>\n\n\n\n<p>Malinowska E., Rott D., red. przy wsp\u00f3\u0142pracy A. Budzy\u0144skiej-Dacy, 2004: Wok\u00f3\u0142 reporta\u017cu podr\u00f3\u017cniczego. Katowice.<\/p>\n\n\n\n<p>Ostaszewska D. [i in.], red., 2000, 2004, 2007, 2011, 2015: Gatunki mowy i ich ewolucja. T.1\u20135. Katowice.<\/p>\n\n\n\n<p>Rejter A., 2000: Kszta\u0142towanie si\u0119 gatunku reporta\u017cu podr\u00f3\u017cniczego w perspektywie stylistycznej i pragmatycznej. Katowice.<\/p>\n\n\n\n<p>Rott D., red., 2007: Wok\u00f3\u0142 reporta\u017cu podr\u00f3\u017cniczego. T. 2. Katowice.<\/p>\n\n\n\n<p>Rott D., Kubik M., red., 2009: Wok\u00f3\u0142 reporta\u017cu podr\u00f3\u017cniczego. T. 3. Katowice.<\/p>\n\n\n\n<p>St\u0119pnik K., Piechota M., 2004; Reporta\u017c w dwudziestoleciu mi\u0119dzywojennym. Lublin.<\/p>\n\n\n\n<p>Wojtak M., 2004: Gatunki prasowe. Lublin.<\/p>\n","protected":false},"excerpt":{"rendered":"<p>Joanna Przyklenk Uniwersytet \u015al\u0105ski w Katowicach Podstaw\u0105 analiz jest mi\u0119dzywojenna tw\u00f3rczo\u015b\u0107 reporterska Aleksandra Janty-Po\u0142czy\u0144skiego. Punktem wyj\u015bcia s\u0105 te jego teksty,&hellip;<\/p>\n","protected":false},"author":6,"featured_media":0,"parent":0,"menu_order":0,"comment_status":"closed","ping_status":"closed","template":"","meta":[],"_links":{"self":[{"href":"https:\/\/ptj-warszawa2022.uksw.edu.pl\/index.php?rest_route=\/wp\/v2\/pages\/1519"}],"collection":[{"href":"https:\/\/ptj-warszawa2022.uksw.edu.pl\/index.php?rest_route=\/wp\/v2\/pages"}],"about":[{"href":"https:\/\/ptj-warszawa2022.uksw.edu.pl\/index.php?rest_route=\/wp\/v2\/types\/page"}],"author":[{"embeddable":true,"href":"https:\/\/ptj-warszawa2022.uksw.edu.pl\/index.php?rest_route=\/wp\/v2\/users\/6"}],"replies":[{"embeddable":true,"href":"https:\/\/ptj-warszawa2022.uksw.edu.pl\/index.php?rest_route=%2Fwp%2Fv2%2Fcomments&post=1519"}],"version-history":[{"count":1,"href":"https:\/\/ptj-warszawa2022.uksw.edu.pl\/index.php?rest_route=\/wp\/v2\/pages\/1519\/revisions"}],"predecessor-version":[{"id":1520,"href":"https:\/\/ptj-warszawa2022.uksw.edu.pl\/index.php?rest_route=\/wp\/v2\/pages\/1519\/revisions\/1520"}],"wp:attachment":[{"href":"https:\/\/ptj-warszawa2022.uksw.edu.pl\/index.php?rest_route=%2Fwp%2Fv2%2Fmedia&parent=1519"}],"curies":[{"name":"wp","href":"https:\/\/api.w.org\/{rel}","templated":true}]}}