{"id":1441,"date":"2022-09-07T13:52:31","date_gmt":"2022-09-07T11:52:31","guid":{"rendered":"http:\/\/ptj-warszawa2022.uksw.edu.pl\/?page_id=1441"},"modified":"2022-09-07T13:52:31","modified_gmt":"2022-09-07T11:52:31","slug":"gwara-mazurska-w-tworczosci-michala-kajki","status":"publish","type":"page","link":"https:\/\/ptj-warszawa2022.uksw.edu.pl\/?page_id=1441","title":{"rendered":"Gwara mazurska w tw\u00f3rczo\u015bci Micha\u0142a Kajki"},"content":{"rendered":"\n<p>Ewelina Grze\u015bkiewicz<\/p>\n\n\n\n<p>Instytut J\u0119zyka Polskiego PAN<\/p>\n\n\n\n<p>Tw\u00f3rczo\u015b\u0107 poety tworz\u0105cego na terenie by\u0142ych Prus Wschodnich \u2013 Micha\u0142a Kajki \u2013 jest bardzo wa\u017cna tak dla literatury, jak dla j\u0119zykoznawstwa, a w szczeg\u00f3lno\u015bci dla dialektologii. Tworzone przez niego wiersze i pie\u015bni zakorzenione s\u0105 mocno w mazurskim \u015bwiatopogl\u0105dzie i pisane s\u0105 specyficznym mazurskim stylem literackim. Sa one skarbnic\u0105 wiedzy dla dialektologa.<\/p>\n\n\n\n<p>Polszczyzn\u0119 jego ukszta\u0142towa\u0142y: gwara mazurska, teksty religijne pisane staropolszczyzn\u0105, a wreszcie czasopisma i kalendarze wydawane dla Mazur\u00f3w, nigdy nie mia\u0142 wi\u0119c Kajka styczno\u015bci z literack\u0105 form\u0105 wsp\u00f3\u0142czesnej mu polszczyzny.<\/p>\n\n\n\n<p>Z tego wzgl\u0119du trudna jest jednoznaczna odpowied\u017a na pytanie o to, czy mo\u017cna jego styl nazwa\u0107 w\u0142a\u015bnie stylizowaniem, czy gwar\u0105.<\/p>\n\n\n\n<p>S\u0142owa klucze<\/p>\n\n\n\n<p>gwara mazurska, poezja, Micha\u0142 Kajka<\/p>\n\n\n\n<p>Bibliografia<\/p>\n\n\n\n<p>1. Z. Chojnowski, \u201eMicha\u0142 Kajka \u2013 poeta mazurski\u201c, Olsztyn 1992.<\/p>\n\n\n\n<p>2. M. Kajka, \u201eZ duchowej mej niwy\u201c, Olsztyn 1982.<\/p>\n\n\n\n<p>3. A. Basara, \u201eCharakterystyka fonetyczna gwar Ostr\u00f3dzkiego, Warmii i Mazur\u201c, [w:] \u201eS\u0142ownik gwar Ostr\u00f3dzkiego, Warmii i Mazur. T. I. A-\u0106\u201c, pod red. Z. Stamirowskiej, Wroc\u0142aw-\u0141\u00f3d\u017a 1987.<\/p>\n","protected":false},"excerpt":{"rendered":"<p>Ewelina Grze\u015bkiewicz Instytut J\u0119zyka Polskiego PAN Tw\u00f3rczo\u015b\u0107 poety tworz\u0105cego na terenie by\u0142ych Prus Wschodnich \u2013 Micha\u0142a Kajki \u2013 jest bardzo&hellip;<\/p>\n","protected":false},"author":6,"featured_media":0,"parent":0,"menu_order":0,"comment_status":"closed","ping_status":"closed","template":"","meta":[],"_links":{"self":[{"href":"https:\/\/ptj-warszawa2022.uksw.edu.pl\/index.php?rest_route=\/wp\/v2\/pages\/1441"}],"collection":[{"href":"https:\/\/ptj-warszawa2022.uksw.edu.pl\/index.php?rest_route=\/wp\/v2\/pages"}],"about":[{"href":"https:\/\/ptj-warszawa2022.uksw.edu.pl\/index.php?rest_route=\/wp\/v2\/types\/page"}],"author":[{"embeddable":true,"href":"https:\/\/ptj-warszawa2022.uksw.edu.pl\/index.php?rest_route=\/wp\/v2\/users\/6"}],"replies":[{"embeddable":true,"href":"https:\/\/ptj-warszawa2022.uksw.edu.pl\/index.php?rest_route=%2Fwp%2Fv2%2Fcomments&post=1441"}],"version-history":[{"count":1,"href":"https:\/\/ptj-warszawa2022.uksw.edu.pl\/index.php?rest_route=\/wp\/v2\/pages\/1441\/revisions"}],"predecessor-version":[{"id":1442,"href":"https:\/\/ptj-warszawa2022.uksw.edu.pl\/index.php?rest_route=\/wp\/v2\/pages\/1441\/revisions\/1442"}],"wp:attachment":[{"href":"https:\/\/ptj-warszawa2022.uksw.edu.pl\/index.php?rest_route=%2Fwp%2Fv2%2Fmedia&parent=1441"}],"curies":[{"name":"wp","href":"https:\/\/api.w.org\/{rel}","templated":true}]}}