{"id":1390,"date":"2022-09-07T11:30:57","date_gmt":"2022-09-07T09:30:57","guid":{"rendered":"http:\/\/ptj-warszawa2022.uksw.edu.pl\/?page_id=1390"},"modified":"2022-09-07T11:30:59","modified_gmt":"2022-09-07T09:30:59","slug":"studia-nad-jezykiem-autorow-w-ogladzie-metodologicznym","status":"publish","type":"page","link":"https:\/\/ptj-warszawa2022.uksw.edu.pl\/?page_id=1390","title":{"rendered":"Studia nad j\u0119zykiem autor\u00f3w w ogl\u0105dzie metodologicznym"},"content":{"rendered":"\n<p>Urszula Sok\u00f3lska<\/p>\n\n\n\n<p>Uniwersytet w Bia\u0142ymstoku<\/p>\n\n\n\n<p>Liczba oraz zakres prac dotycz\u0105cych j\u0119zyka artystycznego przedstawia si\u0119 dzisiaj imponuj\u0105co. Mo\u017cna tu wymieni\u0107 dziesi\u0105tki nazwisk badaczy, a tak\u017ce dziesi\u0105tki nazwisk pisarzy i poet\u00f3w, kt\u00f3rych tw\u00f3rczo\u015b\u0107 analizowano. Szacunek wzbudza r\u00f3wnie\u017c r\u00f3\u017cnorodno\u015b\u0107 uj\u0119\u0107 badawczych. Niniejsze wyst\u0105pienie \u2013 ze wzgl\u0119du na bogactwo materia\u0142u analitycznego oraz rygory czasowe obowi\u0105zuj\u0105ce prelegent\u00f3w \u2013 przyjmie posta\u0107 rekonesansu, podczas kt\u00f3rego zostanie zasygnalizowana r\u00f3\u017cnorodno\u015b\u0107 metodologiczna i formalno-tematyczna bada\u0144 nad j\u0119zykiem autor\u00f3w. Przedmiotem uwagi stan\u0105 si\u0119 m.in.:<\/p>\n\n\n\n<p>&#8211; rozwa\u017cania chronologiczne dotycz\u0105ce pocz\u0105tk\u00f3w studi\u00f3w nad j\u0119zykiem autor\u00f3w,<\/p>\n\n\n\n<p>&#8211; s\u0142owniki j\u0119zyka autor\u00f3w,<\/p>\n\n\n\n<p>&#8211; metody badawcze wykorzystywane w studiach nad j\u0119zykiem autor\u00f3w (np. teoria pola semantycznego, kognitywizm, metody statystyczne),<\/p>\n\n\n\n<p>&#8211; aspekty badawcze podejmowane w studiach nad j\u0119zykiem osobniczym (leksykalne, morfologiczne, semantyczne, stylistyczno-<\/p>\n\n\n\n<p>-sk\u0142adniowe itd. )<\/p>\n\n\n\n<p>S\u0142owa klucze<\/p>\n\n\n\n<p>j\u0119zyk autor\u00f3w, styl a j\u0119zyk, stylistyka j\u0119zykoznawcza, stylizacja<\/p>\n\n\n\n<p>Bibliografia<\/p>\n\n\n\n<p>A. Wilko\u0144, Dzieje j\u0119zyka artystycznego w Polsce, Krak\u00f3w 2002.<\/p>\n\n\n\n<p>Z. Klemensiewicz Z., Jak charakteryzowa\u0107 j\u0119zyk osobniczy?, [w:] ten\u017ce, W kr\u0119gu j\u0119zyka artystycznego i literackiego, Warszawa 1961.<\/p>\n\n\n\n<p>J\u0119zyk osobniczy jako przedmiot bada\u0144 lingwistycznych, Zielona G\u00f3ra 1986.<\/p>\n","protected":false},"excerpt":{"rendered":"<p>Urszula Sok\u00f3lska Uniwersytet w Bia\u0142ymstoku Liczba oraz zakres prac dotycz\u0105cych j\u0119zyka artystycznego przedstawia si\u0119 dzisiaj imponuj\u0105co. Mo\u017cna tu wymieni\u0107 dziesi\u0105tki&hellip;<\/p>\n","protected":false},"author":6,"featured_media":0,"parent":0,"menu_order":0,"comment_status":"closed","ping_status":"closed","template":"","meta":[],"_links":{"self":[{"href":"https:\/\/ptj-warszawa2022.uksw.edu.pl\/index.php?rest_route=\/wp\/v2\/pages\/1390"}],"collection":[{"href":"https:\/\/ptj-warszawa2022.uksw.edu.pl\/index.php?rest_route=\/wp\/v2\/pages"}],"about":[{"href":"https:\/\/ptj-warszawa2022.uksw.edu.pl\/index.php?rest_route=\/wp\/v2\/types\/page"}],"author":[{"embeddable":true,"href":"https:\/\/ptj-warszawa2022.uksw.edu.pl\/index.php?rest_route=\/wp\/v2\/users\/6"}],"replies":[{"embeddable":true,"href":"https:\/\/ptj-warszawa2022.uksw.edu.pl\/index.php?rest_route=%2Fwp%2Fv2%2Fcomments&post=1390"}],"version-history":[{"count":1,"href":"https:\/\/ptj-warszawa2022.uksw.edu.pl\/index.php?rest_route=\/wp\/v2\/pages\/1390\/revisions"}],"predecessor-version":[{"id":1391,"href":"https:\/\/ptj-warszawa2022.uksw.edu.pl\/index.php?rest_route=\/wp\/v2\/pages\/1390\/revisions\/1391"}],"wp:attachment":[{"href":"https:\/\/ptj-warszawa2022.uksw.edu.pl\/index.php?rest_route=%2Fwp%2Fv2%2Fmedia&parent=1390"}],"curies":[{"name":"wp","href":"https:\/\/api.w.org\/{rel}","templated":true}]}}